{"id":11916,"date":"2023-01-19T10:19:18","date_gmt":"2023-01-19T09:19:18","guid":{"rendered":"https:\/\/orthomedix.eu\/boutique\/?post_type=product&#038;p=11916"},"modified":"2023-01-19T10:19:18","modified_gmt":"2023-01-19T09:19:18","slug":"hyeroil-gel-30-ml","status":"publish","type":"product","link":"https:\/\/orthomedix.eu\/boutique\/produit\/hyeroil-gel-30-ml\/","title":{"rendered":"HYEROIL GEL 30 ML"},"content":{"rendered":"<p class=\"p1\"><strong>Description<\/strong><\/p>\n<p class=\"p2\">L\u2019Hyperoil est un gel apaisant, antiseptique et anti \u0153d\u00e9mateux d\u2019origine v\u00e9g\u00e9tale . Il.<\/p>\n<p class=\"p2\">L\u2019Hyperoil a des propri\u00e9t\u00e9s anti inflammatoires , r\u00e9g\u00e9n\u00e9ratives , cicatrisantes et antiseptique (Herpes, Eczema, Plaies, Brulures, Acn\u00e9\u2026), pr\u00e9vention des infections, soutien \u00e0 la r\u00e9\u00e9pith\u00e9lialisation, activit\u00e9 fibrinolytique,<\/p>\n<p class=\"p1\"><strong>Ingr\u00e9dients\u00a0:<span class=\"Apple-converted-space\">\u00a0 <\/span><\/strong>contient du margousier et du millepertuis perfor\u00e9<\/p>\n","protected":false},"excerpt":{"rendered":"<p class=\"p1\">Gel Hyperoil 30 ml gel apaisant, antiseptique et anti \u0153d\u00e9mateux d&#8217;origine v\u00e9g\u00e9tale<span class=\"Apple-converted-space\">\u00a0<\/span><\/p>\n","protected":false},"featured_media":11917,"comment_status":"open","ping_status":"closed","template":"","meta":{"_themeisle_gutenberg_block_has_review":false,"wds_primary_product_brand":0,"wds_primary_product_cat":0},"product_brand":[],"product_cat":[48],"product_tag":[],"class_list":{"0":"post-11916","1":"product","2":"type-product","3":"status-publish","4":"has-post-thumbnail","6":"product_cat-soins-naturels","8":"first","9":"instock","10":"shipping-taxable","11":"product-type-simple"},"jetpack_sharing_enabled":true,"_links":{"self":[{"href":"https:\/\/orthomedix.eu\/boutique\/wp-json\/wp\/v2\/product\/11916","targetHints":{"allow":["GET"]}}],"collection":[{"href":"https:\/\/orthomedix.eu\/boutique\/wp-json\/wp\/v2\/product"}],"about":[{"href":"https:\/\/orthomedix.eu\/boutique\/wp-json\/wp\/v2\/types\/product"}],"replies":[{"embeddable":true,"href":"https:\/\/orthomedix.eu\/boutique\/wp-json\/wp\/v2\/comments?post=11916"}],"wp:featuredmedia":[{"embeddable":true,"href":"https:\/\/orthomedix.eu\/boutique\/wp-json\/wp\/v2\/media\/11917"}],"wp:attachment":[{"href":"https:\/\/orthomedix.eu\/boutique\/wp-json\/wp\/v2\/media?parent=11916"}],"wp:term":[{"taxonomy":"product_brand","embeddable":true,"href":"https:\/\/orthomedix.eu\/boutique\/wp-json\/wp\/v2\/product_brand?post=11916"},{"taxonomy":"product_cat","embeddable":true,"href":"https:\/\/orthomedix.eu\/boutique\/wp-json\/wp\/v2\/product_cat?post=11916"},{"taxonomy":"product_tag","embeddable":true,"href":"https:\/\/orthomedix.eu\/boutique\/wp-json\/wp\/v2\/product_tag?post=11916"}],"curies":[{"name":"wp","href":"https:\/\/api.w.org\/{rel}","templated":true}]}}