{"id":12257,"date":"2023-02-23T12:03:54","date_gmt":"2023-02-23T11:03:54","guid":{"rendered":"https:\/\/orthomedix.eu\/boutique\/?post_type=product&#038;p=12257"},"modified":"2025-05-28T13:50:45","modified_gmt":"2025-05-28T11:50:45","slug":"creme-visage-jour-et-nuit-bio-50-ml-lanzarote","status":"publish","type":"product","link":"https:\/\/orthomedix.eu\/boutique\/produit\/creme-visage-jour-et-nuit-bio-50-ml-lanzarote\/","title":{"rendered":"CREME VISAGE JOUR ET NUIT BIO 50 ML LANZAROTE"},"content":{"rendered":"<p class=\"p1\"><strong>Description<\/strong><\/p>\n<p class=\"p2\">Cr\u00e8me l\u00e9g\u00e8re et fra\u00eeche avec un effet anti-\u00e2ge et hydratant imm\u00e9diat.\u00a0 Effet lifting. R\u00e9cup\u00e8re l&#8217;\u00e9quilibre cutan\u00e9 et apporte \u00e0 la peau de la luminosit\u00e9 en aidant \u00e0 combattre de forme efficace le vieillissement cutan\u00e9. Elle d\u00e9veloppe une puissante action antirides tout en revitalisant les peaux fatigu\u00e9es et vieillies en les rendant fermes (combleur de rides naturel). Indiqu\u00e9e pour tout type de peau. Non grasse.<span class=\"s1\"><span class=\"Apple-converted-space\">\u00a0<\/span><\/span><\/p>\n<p class=\"p4\"><span class=\"s2\"><strong>Mode d&#8217;emploi :<\/strong> a<\/span>ppliquer matin et soir sur le visage et le cou.<\/p>\n","protected":false},"excerpt":{"rendered":"<p class=\"p1\"><span class=\"s1\">Cr\u00e8me visa<\/span><span class=\"s2\">ge jo<\/span><span class=\"s1\">u<\/span><span class=\"s2\">r et nuit bio 50 m<\/span><span class=\"s1\">l<\/span><span class=\"s2\"> \u00e0 l\u2019Alo\u00e9 Vera Lanzarote \u2013 OrthoMedix<span class=\"Apple-converted-space\">\u00a0 <\/span>&#8211;<\/span><\/p>\n<p class=\"p1\">Cr\u00e8me l\u00e9g\u00e8re et fra\u00eeche avec un effet anti-\u00e2ge et hydratant imm\u00e9diat.<\/p>\n<p class=\"p1\">Effet lifting. R\u00e9cup\u00e8re l&#8217;\u00e9quilibre cutan\u00e9 et apporte \u00e0 la peau de la luminosit\u00e9 en aidant \u00e0 combattre de forme efficace le vieillissement cutan\u00e9, \u2026.<\/p>\n","protected":false},"featured_media":15406,"comment_status":"open","ping_status":"closed","template":"","meta":{"_themeisle_gutenberg_block_has_review":false,"wds_primary_product_brand":0,"wds_primary_product_cat":0},"product_brand":[],"product_cat":[222],"product_tag":[],"class_list":{"0":"post-12257","1":"product","2":"type-product","3":"status-publish","4":"has-post-thumbnail","6":"product_cat-cosmetiques_bio_aloe_vera","8":"first","9":"instock","10":"shipping-taxable","11":"purchasable","12":"product-type-simple"},"jetpack_sharing_enabled":true,"_links":{"self":[{"href":"https:\/\/orthomedix.eu\/boutique\/wp-json\/wp\/v2\/product\/12257","targetHints":{"allow":["GET"]}}],"collection":[{"href":"https:\/\/orthomedix.eu\/boutique\/wp-json\/wp\/v2\/product"}],"about":[{"href":"https:\/\/orthomedix.eu\/boutique\/wp-json\/wp\/v2\/types\/product"}],"replies":[{"embeddable":true,"href":"https:\/\/orthomedix.eu\/boutique\/wp-json\/wp\/v2\/comments?post=12257"}],"wp:featuredmedia":[{"embeddable":true,"href":"https:\/\/orthomedix.eu\/boutique\/wp-json\/wp\/v2\/media\/15406"}],"wp:attachment":[{"href":"https:\/\/orthomedix.eu\/boutique\/wp-json\/wp\/v2\/media?parent=12257"}],"wp:term":[{"taxonomy":"product_brand","embeddable":true,"href":"https:\/\/orthomedix.eu\/boutique\/wp-json\/wp\/v2\/product_brand?post=12257"},{"taxonomy":"product_cat","embeddable":true,"href":"https:\/\/orthomedix.eu\/boutique\/wp-json\/wp\/v2\/product_cat?post=12257"},{"taxonomy":"product_tag","embeddable":true,"href":"https:\/\/orthomedix.eu\/boutique\/wp-json\/wp\/v2\/product_tag?post=12257"}],"curies":[{"name":"wp","href":"https:\/\/api.w.org\/{rel}","templated":true}]}}