{"id":12746,"date":"2023-05-17T11:47:59","date_gmt":"2023-05-17T09:47:59","guid":{"rendered":"https:\/\/orthomedix.eu\/boutique\/produit\/sugar-lady-180g\/"},"modified":"2023-05-17T11:51:34","modified_gmt":"2023-05-17T09:51:34","slug":"sugar-lady-180g","status":"publish","type":"product","link":"https:\/\/orthomedix.eu\/boutique\/produit\/sugar-lady-180g\/","title":{"rendered":"SUGAR LADY 180g"},"content":{"rendered":"<p>Gommage corporel adoucissant<\/p>\n<p>Le sucre biologique magique transforme la peau rugueuse et irr\u00e9guli\u00e8re en une peau douce et lumineuse. La rose sauvage nourrit la peau de vitamines et unifie le teint.<br \/>\nMode d&#8217;emploi : mettez-vous sous l&#8217;eau chaude. D\u00e9terminez ensuite les parties de votre corps qui ont besoin d&#8217;\u00eatre exfoli\u00e9es, mettez-y du gommage et frottez, frottez, frottez.<\/p>\n<p>Composition :<\/p>\n<p>Sucrose, Zea Mays (Corn) Oil, Cocamidopropyl Betaine, Glycerin, Elaeis Guineensis (Palm) Oil, Parfum, Theobroma Cacao (Cocoa) Seed Butter, Butyrospermum Parkii (Shea) Butter, Papaver Somniferum (Poppy) Seed, Rosa Canina (Wild Rose) Fruit Extract, Tocopheryl Acetate (Vitamin E), Aqua, Citric Acid, Sodium Benzoate, Potassium Sorbate, CI 17200<\/p>\n<p>Lire attentivement la notice d\u2019emballage.<\/p>\n<p>\u00ab Orthomedix d\u00e9cline toute responsabilit\u00e9 en cas de mauvaise utilisation des produits command\u00e9s \u00bb<\/p>\n<p>&nbsp;<\/p>\n","protected":false},"excerpt":{"rendered":"<p>Gommage corporel adoucissant<\/p>\n<p>Le sucre biologique magique transforme la peau rugueuse et irr\u00e9guli\u00e8re en une peau douce et lumineuse. La rose sauvage nourrit la peau de vitamines et unifie le teint.<\/p>\n","protected":false},"featured_media":12705,"comment_status":"open","ping_status":"closed","template":"","meta":{"_themeisle_gutenberg_block_has_review":false,"wds_primary_product_brand":0,"wds_primary_product_cat":0},"product_brand":[],"product_cat":[235],"product_tag":[],"class_list":{"0":"post-12746","1":"product","2":"type-product","3":"status-publish","4":"has-post-thumbnail","6":"product_cat-beauty-jar","8":"first","9":"instock","10":"shipping-taxable","11":"purchasable","12":"product-type-simple"},"jetpack_sharing_enabled":true,"_links":{"self":[{"href":"https:\/\/orthomedix.eu\/boutique\/wp-json\/wp\/v2\/product\/12746","targetHints":{"allow":["GET"]}}],"collection":[{"href":"https:\/\/orthomedix.eu\/boutique\/wp-json\/wp\/v2\/product"}],"about":[{"href":"https:\/\/orthomedix.eu\/boutique\/wp-json\/wp\/v2\/types\/product"}],"replies":[{"embeddable":true,"href":"https:\/\/orthomedix.eu\/boutique\/wp-json\/wp\/v2\/comments?post=12746"}],"wp:featuredmedia":[{"embeddable":true,"href":"https:\/\/orthomedix.eu\/boutique\/wp-json\/wp\/v2\/media\/12705"}],"wp:attachment":[{"href":"https:\/\/orthomedix.eu\/boutique\/wp-json\/wp\/v2\/media?parent=12746"}],"wp:term":[{"taxonomy":"product_brand","embeddable":true,"href":"https:\/\/orthomedix.eu\/boutique\/wp-json\/wp\/v2\/product_brand?post=12746"},{"taxonomy":"product_cat","embeddable":true,"href":"https:\/\/orthomedix.eu\/boutique\/wp-json\/wp\/v2\/product_cat?post=12746"},{"taxonomy":"product_tag","embeddable":true,"href":"https:\/\/orthomedix.eu\/boutique\/wp-json\/wp\/v2\/product_tag?post=12746"}],"curies":[{"name":"wp","href":"https:\/\/api.w.org\/{rel}","templated":true}]}}