{"id":13928,"date":"2024-03-25T16:40:25","date_gmt":"2024-03-25T15:40:25","guid":{"rendered":"https:\/\/orthomedix.eu\/boutique\/?post_type=product&#038;p=13928"},"modified":"2024-03-26T09:52:27","modified_gmt":"2024-03-26T08:52:27","slug":"5k-pak","status":"publish","type":"product","link":"https:\/\/orthomedix.eu\/boutique\/produit\/5k-pak\/","title":{"rendered":"5K PAK"},"content":{"rendered":"<div>\n<div class=\"with-icon\"><strong><span class=\"with-icon__beside\">Description<\/span><\/strong><\/div>\n<\/div>\n<div class=\"cc-accordion-item__panel\">\n<div class=\"cc-accordion-item__content rte cf\">N\u00e9opr\u00e8ne ultra-l\u00e9ger avec des gardiens de ceinture r\u00e9fl\u00e9chissante pour r\u00e9duire l&#8217;exc\u00e8s de rel\u00e2chement. Rangez vos \u00e9l\u00e9ments essentiels dans deux poches de stockage \u00e0 fermeture \u00e9clair externes.<\/div>\n<div><\/div>\n<div class=\"cc-accordion-item__content rte cf\"><strong>Caract\u00e9ristiques<\/strong><\/div>\n<div>\n<div class=\"cc-accordion-item__panel\">\n<div class=\"cc-accordion-item__content rte cf\">\n<ul>\n<li><span class=\"metafield-multi_line_text_field\">La poche zipp\u00e9e plus grande ajuste les t\u00e9l\u00e9phones intelligents<\/span><\/li>\n<li><span class=\"metafield-multi_line_text_field\">La poche zipp\u00e9e compacte porte de petits \u00e9l\u00e9ments essentiels<\/span><\/li>\n<li><span class=\"metafield-multi_line_text_field\">D\u00e9tail r\u00e9fl\u00e9chissant 3M \u2122 Scotchlite \u2122<\/span><\/li>\n<li><span class=\"metafield-multi_line_text_field\">Ceinture r\u00e9glable<\/span><\/li>\n<li><span>Couleur : noir<\/span><\/li>\n<\/ul>\n<\/div>\n<\/div>\n<p>&nbsp;<\/p>\n<\/div>\n<\/div>\n<p>&nbsp;<\/p>\n","protected":false},"excerpt":{"rendered":"<h5>N\u00e9opr\u00e8ne ultra-l\u00e9ger avec des gardiens de ceinture r\u00e9fl\u00e9chissante pour r\u00e9duire l&#8217;exc\u00e8s de rel\u00e2chement.<\/h5>\n<h5>Rangez vos \u00e9l\u00e9ments essentiels dans deux poches de stockage \u00e0 fermeture \u00e9clair externes.<\/h5>\n","protected":false},"featured_media":13929,"comment_status":"open","ping_status":"closed","template":"","meta":{"_themeisle_gutenberg_block_has_review":false,"wds_primary_product_brand":0,"wds_primary_product_cat":0},"product_brand":[],"product_cat":[249],"product_tag":[],"class_list":{"0":"post-13928","1":"product","2":"type-product","3":"status-publish","4":"has-post-thumbnail","6":"product_cat-accessoires-sportifs-nathan","8":"first","9":"instock","10":"shipping-taxable","11":"purchasable","12":"product-type-simple"},"jetpack_sharing_enabled":true,"_links":{"self":[{"href":"https:\/\/orthomedix.eu\/boutique\/wp-json\/wp\/v2\/product\/13928","targetHints":{"allow":["GET"]}}],"collection":[{"href":"https:\/\/orthomedix.eu\/boutique\/wp-json\/wp\/v2\/product"}],"about":[{"href":"https:\/\/orthomedix.eu\/boutique\/wp-json\/wp\/v2\/types\/product"}],"replies":[{"embeddable":true,"href":"https:\/\/orthomedix.eu\/boutique\/wp-json\/wp\/v2\/comments?post=13928"}],"wp:featuredmedia":[{"embeddable":true,"href":"https:\/\/orthomedix.eu\/boutique\/wp-json\/wp\/v2\/media\/13929"}],"wp:attachment":[{"href":"https:\/\/orthomedix.eu\/boutique\/wp-json\/wp\/v2\/media?parent=13928"}],"wp:term":[{"taxonomy":"product_brand","embeddable":true,"href":"https:\/\/orthomedix.eu\/boutique\/wp-json\/wp\/v2\/product_brand?post=13928"},{"taxonomy":"product_cat","embeddable":true,"href":"https:\/\/orthomedix.eu\/boutique\/wp-json\/wp\/v2\/product_cat?post=13928"},{"taxonomy":"product_tag","embeddable":true,"href":"https:\/\/orthomedix.eu\/boutique\/wp-json\/wp\/v2\/product_tag?post=13928"}],"curies":[{"name":"wp","href":"https:\/\/api.w.org\/{rel}","templated":true}]}}