{"id":14970,"date":"2024-12-30T17:06:32","date_gmt":"2024-12-30T16:06:32","guid":{"rendered":"https:\/\/orthomedix.eu\/boutique\/produit\/gel-douche-allo-aloe-250ml\/"},"modified":"2024-12-30T17:06:32","modified_gmt":"2024-12-30T16:06:32","slug":"gel-douche-allo-aloe-250ml","status":"publish","type":"product","link":"https:\/\/orthomedix.eu\/boutique\/produit\/gel-douche-allo-aloe-250ml\/","title":{"rendered":"GEL DOUCHE ALLO ALOE 250ML"},"content":{"rendered":"<p><span>L&#8217;aloe vera est le meilleur ingr\u00e9dient hydratant et tout le monde le sait. Le caf\u00e9 vert rend votre peau \u00e9lastique et ferme.<\/span><\/p>\n","protected":false},"excerpt":{"rendered":"<p>L&#8217;aloe vera est le meilleur ingr\u00e9dient hydratant et tout le monde le sait. Le caf\u00e9 vert rend votre peau \u00e9lastique et ferme.<\/p>\n","protected":false},"featured_media":14969,"comment_status":"open","ping_status":"closed","template":"","meta":{"_themeisle_gutenberg_block_has_review":false,"wds_primary_product_brand":0,"wds_primary_product_cat":0},"product_brand":[],"product_cat":[235],"product_tag":[],"class_list":{"0":"post-14970","1":"product","2":"type-product","3":"status-publish","4":"has-post-thumbnail","6":"product_cat-beauty-jar","8":"first","9":"instock","10":"shipping-taxable","11":"purchasable","12":"product-type-simple"},"jetpack_sharing_enabled":true,"_links":{"self":[{"href":"https:\/\/orthomedix.eu\/boutique\/wp-json\/wp\/v2\/product\/14970","targetHints":{"allow":["GET"]}}],"collection":[{"href":"https:\/\/orthomedix.eu\/boutique\/wp-json\/wp\/v2\/product"}],"about":[{"href":"https:\/\/orthomedix.eu\/boutique\/wp-json\/wp\/v2\/types\/product"}],"replies":[{"embeddable":true,"href":"https:\/\/orthomedix.eu\/boutique\/wp-json\/wp\/v2\/comments?post=14970"}],"wp:featuredmedia":[{"embeddable":true,"href":"https:\/\/orthomedix.eu\/boutique\/wp-json\/wp\/v2\/media\/14969"}],"wp:attachment":[{"href":"https:\/\/orthomedix.eu\/boutique\/wp-json\/wp\/v2\/media?parent=14970"}],"wp:term":[{"taxonomy":"product_brand","embeddable":true,"href":"https:\/\/orthomedix.eu\/boutique\/wp-json\/wp\/v2\/product_brand?post=14970"},{"taxonomy":"product_cat","embeddable":true,"href":"https:\/\/orthomedix.eu\/boutique\/wp-json\/wp\/v2\/product_cat?post=14970"},{"taxonomy":"product_tag","embeddable":true,"href":"https:\/\/orthomedix.eu\/boutique\/wp-json\/wp\/v2\/product_tag?post=14970"}],"curies":[{"name":"wp","href":"https:\/\/api.w.org\/{rel}","templated":true}]}}