{"id":14990,"date":"2024-12-30T17:59:57","date_gmt":"2024-12-30T16:59:57","guid":{"rendered":"https:\/\/orthomedix.eu\/boutique\/produit\/body-scrub-watermelon-hydratant-200gr\/"},"modified":"2024-12-30T17:59:57","modified_gmt":"2024-12-30T16:59:57","slug":"body-scrub-watermelon-hydratant-200gr","status":"publish","type":"product","link":"https:\/\/orthomedix.eu\/boutique\/produit\/body-scrub-watermelon-hydratant-200gr\/","title":{"rendered":"BODY SCRUB WATERMELON Hydratant 200gr"},"content":{"rendered":"<p>Gommage corporel hydratant \u00e0 la past\u00e8que.<\/p>\n<p style=\"margin:0px;padding:0px;font-size:15px;line-height:1.5rem;font-family:\">Exfolie doucement la peau, la laissant soyeuse.<\/p>\n<p style=\"margin:0px;padding:0px;font-size:15px;line-height:1.5rem;font-family:\">Gr\u00e2ce aux propri\u00e9t\u00e9s nourrissantes de l&#8217;huile de coco, la peau est hydrat\u00e9e et rajeunie.<\/p>\n<p style=\"margin:0px;padding:0px;font-size:15px;line-height:1.5rem;font-family:\">Profitez de son ar\u00f4me rafra\u00eechissant.<\/p>\n","protected":false},"excerpt":{"rendered":"<p>Gommage corporel hydratant \u00e0 la past\u00e8que. Exfolie doucement la peau, la laissant soyeuse. Gr\u00e2ce aux propri\u00e9t\u00e9s nourrissantes de l&#8217;huile de coco, la peau est hydrat\u00e9e et rajeunie. Profitez de son ar\u00f4me rafra\u00eechissant.<\/p>\n","protected":false},"featured_media":14989,"comment_status":"open","ping_status":"closed","template":"","meta":{"_themeisle_gutenberg_block_has_review":false,"wds_primary_product_brand":0,"wds_primary_product_cat":0},"product_brand":[],"product_cat":[235],"product_tag":[],"class_list":{"0":"post-14990","1":"product","2":"type-product","3":"status-publish","4":"has-post-thumbnail","6":"product_cat-beauty-jar","8":"first","9":"instock","10":"shipping-taxable","11":"purchasable","12":"product-type-simple"},"jetpack_sharing_enabled":true,"_links":{"self":[{"href":"https:\/\/orthomedix.eu\/boutique\/wp-json\/wp\/v2\/product\/14990","targetHints":{"allow":["GET"]}}],"collection":[{"href":"https:\/\/orthomedix.eu\/boutique\/wp-json\/wp\/v2\/product"}],"about":[{"href":"https:\/\/orthomedix.eu\/boutique\/wp-json\/wp\/v2\/types\/product"}],"replies":[{"embeddable":true,"href":"https:\/\/orthomedix.eu\/boutique\/wp-json\/wp\/v2\/comments?post=14990"}],"wp:featuredmedia":[{"embeddable":true,"href":"https:\/\/orthomedix.eu\/boutique\/wp-json\/wp\/v2\/media\/14989"}],"wp:attachment":[{"href":"https:\/\/orthomedix.eu\/boutique\/wp-json\/wp\/v2\/media?parent=14990"}],"wp:term":[{"taxonomy":"product_brand","embeddable":true,"href":"https:\/\/orthomedix.eu\/boutique\/wp-json\/wp\/v2\/product_brand?post=14990"},{"taxonomy":"product_cat","embeddable":true,"href":"https:\/\/orthomedix.eu\/boutique\/wp-json\/wp\/v2\/product_cat?post=14990"},{"taxonomy":"product_tag","embeddable":true,"href":"https:\/\/orthomedix.eu\/boutique\/wp-json\/wp\/v2\/product_tag?post=14990"}],"curies":[{"name":"wp","href":"https:\/\/api.w.org\/{rel}","templated":true}]}}