{"id":15694,"date":"2025-10-28T12:56:25","date_gmt":"2025-10-28T11:56:25","guid":{"rendered":"https:\/\/orthomedix.eu\/boutique\/produit\/beauty-jar-eau-micellaire\/"},"modified":"2025-10-28T13:59:51","modified_gmt":"2025-10-28T12:59:51","slug":"beauty-jar-eau-micellaire","status":"publish","type":"product","link":"https:\/\/orthomedix.eu\/boutique\/produit\/beauty-jar-eau-micellaire\/","title":{"rendered":"Beauty Jar Eau Micellaire 250ml"},"content":{"rendered":"<h4 style=\"margin:0px;padding:0px;border:0px;font-style:normal;font-weight:normal;font-size:18px;line-height:24px;font-family:Roboto;vertical-align:baseline;text-transform:none;letter-spacing:normal;text-indent:0px;text-align:center\"><font dir=\"auto\" style=\"vertical-align: inherit\"><font dir=\"auto\" style=\"vertical-align: inherit\">Nettoie en douceur. D\u00e9maquille facilement le visage et les yeux, m\u00eame les plus r\u00e9sistants \u00e0 l&#8217;eau. Les micelles \u00e9liminent les impuret\u00e9s et le s\u00e9bum, tandis que les extraits botaniques apaisent la peau et lui conf\u00e8rent des propri\u00e9t\u00e9s antioxydantes. Convient \u00e0 tous les types de peau, en particulier aux peaux sensibles et au contour des yeux. Votre peau vous remerciera et vous offrira un teint sain et frais.<\/font><\/font><\/h4>\n","protected":false},"excerpt":{"rendered":"<p>Nettoie en douceur. D\u00e9maquille facilement le visage et les yeux, m\u00eame les plus r\u00e9sistants \u00e0 l&#8217;eau. Les micelles \u00e9liminent les impuret\u00e9s et le s\u00e9bum, tandis que les extraits botaniques apaisent la peau et lui conf\u00e8rent des propri\u00e9t\u00e9s antioxydantes. Convient \u00e0 tous les types de peau, en particulier aux peaux sensibles et au contour des yeux. [&hellip;]<\/p>\n","protected":false},"featured_media":15693,"comment_status":"open","ping_status":"closed","template":"","meta":{"_themeisle_gutenberg_block_has_review":false,"wds_primary_product_brand":0,"wds_primary_product_cat":0},"product_brand":[],"product_cat":[235],"product_tag":[],"class_list":{"0":"post-15694","1":"product","2":"type-product","3":"status-publish","4":"has-post-thumbnail","6":"product_cat-beauty-jar","8":"first","9":"instock","10":"shipping-taxable","11":"purchasable","12":"product-type-simple"},"jetpack_sharing_enabled":true,"_links":{"self":[{"href":"https:\/\/orthomedix.eu\/boutique\/wp-json\/wp\/v2\/product\/15694","targetHints":{"allow":["GET"]}}],"collection":[{"href":"https:\/\/orthomedix.eu\/boutique\/wp-json\/wp\/v2\/product"}],"about":[{"href":"https:\/\/orthomedix.eu\/boutique\/wp-json\/wp\/v2\/types\/product"}],"replies":[{"embeddable":true,"href":"https:\/\/orthomedix.eu\/boutique\/wp-json\/wp\/v2\/comments?post=15694"}],"wp:featuredmedia":[{"embeddable":true,"href":"https:\/\/orthomedix.eu\/boutique\/wp-json\/wp\/v2\/media\/15693"}],"wp:attachment":[{"href":"https:\/\/orthomedix.eu\/boutique\/wp-json\/wp\/v2\/media?parent=15694"}],"wp:term":[{"taxonomy":"product_brand","embeddable":true,"href":"https:\/\/orthomedix.eu\/boutique\/wp-json\/wp\/v2\/product_brand?post=15694"},{"taxonomy":"product_cat","embeddable":true,"href":"https:\/\/orthomedix.eu\/boutique\/wp-json\/wp\/v2\/product_cat?post=15694"},{"taxonomy":"product_tag","embeddable":true,"href":"https:\/\/orthomedix.eu\/boutique\/wp-json\/wp\/v2\/product_tag?post=15694"}],"curies":[{"name":"wp","href":"https:\/\/api.w.org\/{rel}","templated":true}]}}